t is the tens digit of p?
0
Suppose -2*k - 13 + 47 = 0. Let d = k - 6. What is the units digit of d?
1
Suppose -554 = -2*h + 4*r, 0 = -4*h + 2*r - 7*r + 1043. What is the tens digit of h?
6
Let k(h) = 26*h**2 - 2*h - 1. Let r be k(-1). Let q = -14 + r. What is the units digit of q?
3
Let m = 2 - 3. Let d = 3 + m. Suppose 10 = -j + 2*j + 2*y, 14 = d*j + y. What is the units digit of j?
6
Let g be 7 + (-4)/(-6)*3. Suppose r - 8 = -2*p, 4*p + 1 = g. What is the units digit of -2*r/(8/(-11))?
1
Let r(n) = -38*n + 4. Let j be r(-4). What is the tens digit of 1*3*j/36?
1
Let z(q) = 13*q**3 + q - 1. Let y = 3 - 0. Let b be -1*(0 + 2 - y). What is the tens digit of z(b)?
1
Suppose -6 = -2*u - 0. Let s(k) = 2*k**2 + 2*k + 4. Let w be s(4). Suppose -26 = 2*c - u*c + 5*x, -4*c + 5*x + w = 0. What is the units digit of c?
6
Let s be ((-183)/(-4))/(6/16). Suppose -151 = -5*i - 4*l - 5, 5*i - 2*l - s = 0. Suppose -i = -5*b + 3*b. What is the tens digit of b?
1
Let z(y) = 4*y**3 - y**2 + 3*y - 4. What is the tens digit of z(3)?
0
Let y(q) = -4*q - q**3 + 6 - 3*q - q - 8*q**2. What is the tens digit of y(-7)?
1
Let x be 0 - 1 - 6/(-2). Let i(y) = 6*y**3 + y**2 - 2*y + 1. Let j be i(1). Let k = j - x. What is the units digit of k?
4
Suppose 0 = b - 3*l - 16 - 2, -4*l = 5*b - 14. Let y = -2 - -5. Suppose -3*f = -i + y, -b*i + 2*i - 2*f + 40 = 0. What is the units digit of i?
9
Let d(r) = r - 1. Let q(v) = -v + 1. Let u(x) = 5*d(x) + 6*q(x). Let z(h) = 6*h - 3. Let y(m) = -12*u(m) - 3*z(m). What is the tens digit of y(-3)?
1
Let b(y) = -18*y - 1. Let p(n) = n. Let d(x) = -b(x) + 5*p(x). Let m be d(1). Let j = m - 17. What is the units digit of j?
7
Let u(m) = -7 - 2*m + 4*m**2 + 2*m**2 + 4*m - m**3. Let h be u(6). Suppose h*y + 2 - 12 = 0. What is the units digit of y?
2
Suppose 0 = -5*b - 2*l - 60 + 194, -42 = -2*b + 5*l. What is the units digit of b?
6
Let s(k) be the second derivative of 31*k**3/6 + k**2 - 11*k. What is the units digit of s(1)?
3
Let a be 53/11 - 4/(-22). Let v = a + -2. Suppose v*q - 12 = -3. What is the units digit of q?
3
Let l = -4 + 4. Let h = l + 2. Suppose -5*b = -4*p + 22, -h*p + 5*b = -0*p - 16. What is the units digit of p?
3
Let x(q) = -q**3 + 4 - q**2 + 3 + 6*q**2. What is the units digit of x(5)?
7
Let m be -1 - (-33)/6*8. Suppose 2*y = -5 + m. What is the tens digit of y?
1
Let z = 43 - 20. Let s = z + -13. What is the units digit of s?
0
Let i(a) = -a + 5. Let l be i(-4). Let t(q) = -q**3 + 10*q**2 - 8*q - 8. Let p be t(l). What is the units digit of 3/1 - -2 - p?
4
Let v = 4 - -3. What is the units digit of 115/35 + (-2)/v?
3
Let z be ((-12)/(-2))/(4/(-10)). Let s = 16 + z. What is the units digit of s?
1
Let s(d) be the first derivative of -4*d**2 - 2. Let t be s(-1). What is the units digit of ((-4)/(t/34))/(-1)?
7
Suppose 3 = -4*l + 19. Suppose -y + 15 = -l*y. What is the units digit of y/((-5)/6)*1?
6
What is the tens digit of 3/12 - 147/(-4)?
3
Let i(d) = 3*d + 49. What is the units digit of i(0)?
9
Suppose 2*i + 10 = -2*o, -25 = -0*o + 3*o + 5*i. Suppose o = 5*r - 42 - 38. What is the units digit of r?
6
Let n(t) = t**3 - 4*t**2 - 8*t + 7. Let o be n(5). Let l = o + 21. What is the tens digit of l?
1
Suppose -5*k + 308 + 342 = 0. What is the units digit of k?
0
Suppose -f + 6 = 5*b, 11*f + 4*b - 28 = 16*f. Let s(t) be the first derivative of t**4/4 + 2*t**3 + 7*t**2/2 + 5*t + 1. What is the units digit of s(f)?
9
Suppose 24 = -5*j + 2*j. Let f(d) = -d - 5. What is the units digit of f(j)?
3
Suppose -342 = -2*j - p, 0 = 4*j + p + 2*p - 682. What is the tens digit of j?
7
Let y = -257 - -401. What is the hundreds digit of y?
1
Let o be 1*(-3 - 6/(-2)). Let g = o - -6. What is the units digit of g?
6
Suppose -5*o + 0*o + 5*a = -20, 0 = 5*o - 2*a - 17. What is the units digit of o?
3
What is the units digit of 1/((-5)/(-890 + -5))?
9
Let u(l) be the second derivative of 4/3*l**3 + 1/12*l**4 + 0 + l + 5/2*l**2. What is the units digit of u(-8)?
5
What is the tens digit of -1*((1 - (-1 + 4)) + -147)?
4
Suppose 0 = 2*y - 4*g - g + 1, 0 = 4*y - 2*g - 6. Suppose -3*z = 4*b - 0*z - 5, y*b - 3*z = 7. What is the units digit of b?
2
Let p(i) = -i**3 - 4*i**2 + 4. Let b be p(-4). Suppose 0 = -b*r + 2*f + 42, -4*r = -0*f + 3*f - 47. What is the units digit of r?
1
Suppose -2*t = -3*w + 19 - 1, 21 = 3*w - t. Let o = 16 + -6. Let d = o - w. What is the units digit of d?
2
Let a = -15 + 40. What is the tens digit of a?
2
Let t(d) = -d**2 + 7*d - 7. Let x be t(5). Suppose -x*m = 20 - 68. What is the units digit of 116/m + 2/(-8)?
7
Let p(x) = -x + 8. What is the units digit of p(-14)?
2
Let r(t) = -t**3 - 5*t**2 - 5*t - 2. Let i be r(-4). Suppose i*l - 26 = -0*l. What is the units digit of l?
3
Let m(w) be the first derivative of -2*w**3/3 - 2*w**2 + w - 2. Let g be m(-3). Let p = 9 - g. What is the units digit of p?
4
Suppose 0 = -2*c + j + 3*j + 26, 0 = -3*c + 2*j + 23. Let s(h) = c*h - h**2 - 5 + 0*h**2 + 2*h. What is the units digit of s(6)?
1
Suppose -21*m + 7 = -20*m. What is the units digit of m?
7
What is the units digit of -86*(-2)/(1 - -1)?
6
Let r be 12/15 - (-1)/5. Let n = r - -2. Suppose -n*g = 2*g - 55. What is the tens digit of g?
1
Let n(u) = -6*u**3 + 3*u + 3. What is the units digit of n(-2)?
5
Let k(m) = 2*m - 3. Let j(g) = 2*g - 7. Let l be j(5). Suppose 4 = 4*v + l*w - 13, 5*w + 5 = 0. What is the units digit of k(v)?
7
Suppose 0 = -i + 5 + 39. What is the units digit of i?
4
Let r = -8 - -12. Suppose -3*d - r*p + 4 = -61, 0 = 4*d + 2*p - 90. What is the units digit of d?
3
Suppose 0 = -2*x + 6*x - 12. Suppose -9 = -x*r + i, 3*r + 4*i + 8 = r. What is the units digit of r?
2
Let r be (-24)/(-20)*10/4. Suppose -r*c + 4*c = 4. Suppose -4*m = 4*b - 28, c*m - 2*m = -3*b + 16. What is the units digit of m?
5
Let u(v) = -3*v + 2. Let s be (-30)/25*20/6. What is the units digit of u(s)?
4
Let q be 512/(-6) - (-2)/(-3). Let h = -52 - q. What is the units digit of h?
4
Suppose -4*o + 3*w + 26 - 4 = 0, 3*o = 3*w + 15. Suppose o = z - 7*l + 2*l, -2*l + 6 = 4*z. Let i = 4 - z. What is the units digit of i?
2
Suppose n + 4*l = 158 - 12, 0 = 5*n - 3*l - 638. What is the hundreds digit of n?
1
Suppose -r = -2*b + 66, -r = -4*b - 2*r + 120. What is the tens digit of b?
3
Suppose 6 - 81 = -5*t. What is the tens digit of t?
1
Suppose -148 = -3*s + 14. What is the tens digit of s?
5
Let w be 284/(-6)*(-2 - 1). What is the units digit of 9/36 + w/8?
8
Let n = -58 + 94. What is the tens digit of n?
3
Let f(q) = 4 + 1 - 2*q + 7*q + 4*q**2 + 0*q**2 - q**3. Let t be f(5). Suppose -4*v - 5*o + 24 = -3*o, -3*v - t*o = -4. What is the units digit of v?
8
Let l = 14 + -9. Suppose n - 3*n - 4*h = 10, 2*h + 35 = l*n. What is the units digit of n?
5
Let b = 53 - -18. What is the units digit of b?
1
Let r = -6 + 10. Suppose v - 23 = -4*x, r*x = v - 0*v - 7. What is the tens digit of v?
1
Let o = 7 - -3. Let n = o - 8. Suppose 0 = n*c - 2, -4*r + 5*c = -r - 40. What is the units digit of r?
5
Let l(o) be the second derivative of -o**4/12 - 3*o**3/2 - 3*o**2 - 2*o. Let w be l(-8). Suppose w*r - 2 - 12 = 0. What is the units digit of r?
7
What is the tens digit of (6 - 7) + 73/1?
7
Suppose -3*k - 4 = -40. Let c = 8 + k. What is the tens digit of c?
2
Let f(u) = 2*u**2 - 3*u - 2. Let x(c) be the second derivative of -c**4/12 + 2*c**3/3 - c**2 + 2*c. Let z be x(4). What is the tens digit of f(z)?
1
Let h(k) = -16*k - 1. Let t(x) = 15*x + 1. Let j(o) = 4*h(o) + 5*t(o). Let v be j(-1). Let g = 16 + v. What is the units digit of g?
6
Let z = 0 - 2. What is the tens digit of 77/6 + z/(-12)?
1
Let g = 26 - 23. What is the units digit of g?
3
Suppose -20*b = -12*b - 2568. What is the tens digit of b?
2
What is the units digit of ((-3)/(-1))/((-3)/(-39))?
9
Let o(n) = -n**3 - 5*n**2 + 6. Let x be 43/(-9) + (-10)/45. Let t be o(x). Let a(s) = s - 4. What is the units digit of a(t)?
2
Let v be (-6)/(-27) + 4/(-18). What is the tens digit of (-1 - (v + 0))*-13?
1
Suppose -4*j - 5*y + 540 = 0, -18 + 288 = 2*j + y. What is the hundreds digit of j?
1
Let u = 10 - 7. Suppose 0 = -2*j + 2*c, -u*j - c = 2 - 6. What is the units digit of j?
1
Suppose 0 = 4*b - 2*x - 22, -5*b + 13 = x + 3. Suppose -b*k + 4 = -14. Suppose k = d + 2. What is the units digit of d?
4
Let